
Is 735336 a multiple of 18?
True
Is 1391600 a multiple of 245?
True
Is 165890 a multiple of 408?
False
Is 316 a factor of 391033?
False
Is 357 a factor of 1185315?
False
Is 5701313 a multiple of 138?
False
Does 34 divide 4697610?
True
Is 33 a factor of 742254?
False
Is 842218 a multiple of 317?
False
Does 50 divide 122900?
True
Is 262395 a multiple of 53?
False
Is 62 a factor of 264899?
False
Does 301 divide 2580473?
True
Is 160 a factor of 89920?
True
Is 284 a factor of 3406678?
False
Is 1552 a factor of 16932320?
True
Does 14 divide 231557?
False
Is 7 a factor of 74914?
True
Is 97315 a multiple of 801?
False
Is 1091908 a multiple of 29?
True
Is 221 a factor of 7498049?
False
Is 995 a multiple of 11?
False
Is 16 a factor of 270928?
True
Is 11 a factor of 923296?
True
Does 96 divide 195168?
True
Is 498366 a multiple of 22?
True
Is 33 a factor of 1752552?
False
Does 511 divide 141036?
True
Is 101 a factor of 144883?
False
Is 8 a factor of 159164?
False
Is 1533000 a multiple of 163?
False
Does 304 divide 151421?
False
Is 14 a factor of 10242887?
False
Does 34 divide 35805351?
False
Is 97180 a multiple of 113?
True
Is 27968 even?
True
Is 3931614 a multiple of 18?
True
Does 161 divide 108935?
False
Does 90 divide 8326073?
False
Is 980804 a multiple of 22?
True
Does 21 divide 1714280?
False
Is 11011712 a multiple of 128?
True
Is 60776 a multiple of 71?
True
Does 132 divide 203940?
True
Is 985188 a multiple of 348?
True
Is 980 a factor of 1324960?
True
Does 572 divide 18922332?
True
Is 1308373 a multiple of 45?
False
Does 363 divide 90773?
False
Is 318348 a multiple of 18?
True
Does 147 divide 9047703?
True
Is 124 a factor of 2323512?
True
Is 339290 a multiple of 37?
True
Is 1040897 a multiple of 11?
True
Does 122 divide 8697380?
True
Is 17 a factor of 839690?
False
Is 15931679 a multiple of 597?
False
Is 993 a factor of 2111118?
True
Is 59 a factor of 2166008?
True
Is 382486 a multiple of 313?
True
Is 28 a factor of 243320?
True
Does 13 divide 4598542?
True
Is 14 a factor of 303305?
False
Is 3529225 a multiple of 1298?
False
Is 33653844 a multiple of 36?
True
Does 39 divide 34827?
True
Is 12 a factor of 554638?
False
Is 10 a factor of 52623?
False
Is 6 a factor of 1372360?
False
Does 3 divide 74056?
False
Is 6 a factor of 593718?
True
Is 2963840 a multiple of 352?
True
Does 30 divide 11564378?
False
Does 121 divide 2179153?
False
Does 14 divide 156226?
True
Is 40 a factor of 2924280?
True
Does 69 divide 916490?
False
Is 80 a factor of 662768?
False
Is 31 a factor of 69371?
False
Is 30 a factor of 213224?
False
Is 7412377 a multiple of 78?
False
Is 281 a factor of 20431045?
False
Is 277 a factor of 761473?
True
Does 6 divide 6073272?
True
Does 16 divide 10136065?
False
Is 85 a factor of 96985?
True
Does 18 divide 75078?
True
Is 174881 a multiple of 49?
True
Does 68 divide 130220?
True
Is 138 a factor of 2099946?
True
Is 443 a factor of 842143?
True
Does 117 divide 24453?
True
Is 191095 a multiple of 12?
False
Is 196 a factor of 116167?
False
Is 8 a factor of 68531?
False
Is 279 a factor of 2807577?
True
Is 11686295 a multiple of 157?
True
Does 997 divide 1808341?
False
Does 11 divide 1293765?
True
Does 177 divide 4312867?
False
Is 7 a factor of 2514358?
True
Does 10 divide 2610740?
True
Is 1167725 a multiple of 25?
True
Is 403176 a multiple of 30?
False
Does 26 divide 4951887?
False
Is 589303 a multiple of 3?
False
Is 38 a factor of 317288?
False
Is 871 a factor of 552214?
True
Is 38 a factor of 850843?
False
Is 642 a factor of 9957420?
True
Is 2288049 a multiple of 8?
False
Is 1482293 even?
False
Is 1358761 a multiple of 22?
False
Is 565 a factor of 423542?
False
Does 118 divide 56822?
False
Does 48 divide 104569?
False
Is 2667538 a multiple of 34?
True
Is 2026406 a multiple of 133?
False
Is 100 a factor of 1718099?
False
Is 84 a factor of 68796?
True
Is 686 a factor of 1815156?
True
Does 171 divide 66385?
False
Does 23 divide 736248?
False
Is 1584765 a multiple of 98?
False
Is 319604 a multiple of 157?
False
Is 154077 a multiple of 5?
False
Is 120 a factor of 100920?
True
Is 360 a factor of 889564?
False
Is 1502435 a multiple of 295?
True
Is 4 a factor of 32232?
True
Is 234 a factor of 407160?
True
Does 151 divide 3624?
True
Is 45738 a multiple of 126?
True
Is 3995057 a multiple of 1470?
False
Is 2486 a multiple of 3?
False
Is 8 a factor of 187652?
False
Is 1091316 a multiple of 15?
False
Is 361 a factor of 1600378?
False
Does 271 divide 125347?
False
Does 51 divide 1084283?
False
Is 46 a factor of 20528?
False
Is 4546553 a multiple of 67?
True
Is 1639 a factor of 15055289?
False
Is 96 a factor of 174336?
True
Does 209 divide 193325?
True
Does 435 divide 517126?
False
Is 34 a factor of 9607128?
False
Does 61 divide 103517?
True
Is 105410 a multiple of 10?
True
Does 174 divide 3621984?
True
Does 15 divide 1479984?
False
Does 14 divide 4116?
True
Is 883 a factor of 2117844?
False
Is 133245 a multiple of 21?
True
Does 6 divide 50886?
True
Does 9 divide 54171?
True
Is 3460110 a multiple of 29?
False
Does 885 divide 1568220?
True
Is 6223311 a multiple of 153?
False
Does 10 divide 6379160?
True
Is 14893310 a multiple of 5?
True
Is 118 a factor of 54634?
True
Is 8 a factor of 5589289?
False
Is 11948756 a multiple of 1766?
True
Is 1045814 a multiple of 22?
True
Is 119902 a multiple of 191?
False
Is 72 a factor of 13992571?
False
Does 22 divide 130724?
True
Does 164 divide 18711252?
True
Does 33 divide 282846?
False
Does 123 divide 20896839?
True
Does 3 divide 34299?
True
Is 1955157 a multiple of 20?
False
Is 89 a factor of 23024033?
True
Is 28619646 a multiple of 33?
True
Does 170 divide 3470257?
False
Is 333304 a multiple of 11?
False
Is 553315 a multiple of 4?
False
Does 20 divide 806713?
False
Is 58 a factor of 19175693?
False
Is 738 a factor of 8593272?
True
Is 511 a factor of 258055?
True
Is 1182929 a multiple of 38?
False
Does 55 divide 3925263?
False
Is 649496 a multiple of 24?
False
Is 646 a factor of 1588514?
True
Does 81 divide 672115?
False
Does 313 divide 36331?
False
Is 4 a factor of 7522?
False
Is 239 a factor of 1135439?
False
Does 13 divide 899405?
True
Is 68 a factor of 119431?
False
Does 651 divide 3154572?
False
Is 552952 a multiple of 221?
False
Is 752 a factor of 2139699?
False
Does 9 divide 2238808?
False
Is 131173 a multiple of 2?
False
Is 166 a factor of 159526?
True
Is 615489 a multiple of 499?
False
Is 66904 a multiple of 8?
True
Is 40 a factor of 337314?
False
Is 7346244 a multiple of 34?
True
Does 443 divide 969617?
False
Is 259 a factor of 3186502?
False
Is 1716860 a multiple of 1004?
False
Is 26 a factor of 18096?
True
Is 7 a factor of 7390028?
False
Is 1009082 a multiple of 178?
True
Does 6 divide 43767?
False
Does 71 divide 99897?
True
Is 150 a factor of 77667?
False
Is 227130 a multiple of 92?
False
Is 36 a factor of 4199904?
True
Is 34 a factor of 1952192?
False
Does 275 divide 369600?
True
Is 152824 a multiple of 92?
False
Is 17920 even?
True
Does 20 divide 85800?
True
Is 14 a factor of 1729734?
False
Does 82 divide 61828?
True
Is 142 a factor of 45724?
True
Does 88 divide 2412344?
True
Is 168 a factor of 5333558?
False
Does 14 divide 438880?
False
Does 189 divide 128755?
False
Is 49260 a multiple of 2?
True
Does 178 divide 1102888?
True
Does 66 divide 2817352?
False
Is 440032 a multiple of 32?
True
Is 111759 a multiple of 31?
False
Is 153518 a multiple of 306?
False
Is 60130 a multiple of 113?
False
Is 131306 a multiple of 113?
True
Does 827 divide 740922?
False
Is 33 a factor of 16802698?
False
Is 7 a factor of 378686?
True
Does 124 divide 334676?
True
Does 565 divide 727465?
False
Does 80 divide 224013?
False
Does 26 divide 378430?
True
Is 21198 a multiple of 6?
True
Is 150 a factor of 137575?
False
Is 60 a factor of 111540?
True
Is 23840173 a multiple of 37?
True
Is 15 a factor of 65765?
False
Is 442 a factor of 343876?
True
Is 5 a factor of 904490?
True
Is 437427 even?
False
Is 514 a factor of 320797?
False
Is 253176 a multiple of 12?
True
Is 111660 a multiple of 20?
True
Does 33 divide 115430?
False
Is 419110 a multiple of 30?
False
Is 4753647 a multiple of 946?
False
Is 724812 a multiple of 51?
True
Does 25 divide 25475?
True
Is 664179 a multiple of 9?
False
Does 5 divide 32110?
True
Is 110 a factor of 15400